 0. Is w a composite number?
False
Suppose 671 = 3*d - j, 0*d + 5*d + 5*j = 1105. Is d a prime number?
True
Suppose -6 = -4*i + u, -3 = -5*i - 2*u + 11. Suppose 0 = -3*m - 3*b + 648, -i + 4 = 2*b. Is m a composite number?
True
Suppose -o - 2*o + 3*z = -561, 4*z - 177 = -o. Is o prime?
False
Let i(g) = -g**2 - 5*g + 2. Let o be i(-5). Is (1 - o)/((-4)/460) prime?
False
Let m = 3351 - 845. Suppose 12*c - 10*c = m. Is c prime?
False
Suppose 8*n - 4*n = 356. Is n a composite number?
False
Suppose -2*h - 3*h + 20 = 0. Suppose -r = z - 0*z - 10, h*z - 45 = -3*r. Is z a prime number?
False
Let q be -1 - 0 - (4 - 19). Suppose 2*k = -4*f + 4, 5*f - q = -0*k + 2*k. Suppose -7*v + f*v = -435. Is v a prime number?
False
Let a = 2783 - 1894. Is a a prime number?
False
Suppose 307 + 515 = 2*w. Is w prime?
False
Suppose j = 4*j + 162. Let a = 122 + j. Suppose u + a = 3*u. Is u prime?
False
Suppose -4*c - 3*d = -557, -c - 3*c = -2*d - 582. Is c composite?
True
Suppose 5*r - b + 2136 = -1382, 2110 = -3*r + b. Is (-18)/(-30) + r/(-10) prime?
True
Let a = 2327 - 1584. Is a composite?
False
Let s(f) = -7*f**2 - 13*f + 1. Let n(r) = -3*r**2 - 7*r + 1. Let c(u) = -9*n(u) + 4*s(u). Let a be c(6). Let y = 114 - a. Is y prime?
True
Let b(w) = -45*w + 2 - 3 + 0. Let a be (0/(-2))/(-1) + -2. Is b(a) composite?
False
Let x(n) = -12*n + 93. Is x(-27) composite?
True
Let d = -94 - -2315. Is d composite?
False
Let v(p) = -2*p - 9. Let c be v(-6). Let r = -24 + 54. Suppose 0 = -l + c*l - r. Is l prime?
False
Let u(j) = j**3 - 9*j**2 - 2*j - 3. Let l(v) = v**2 - v - 2. Let t be l(4). Is u(t) prime?
False
Let c(b) = -24*b - 29. Is c(-7) composite?
False
Suppose -5*l + 849 = -736. Is l a prime number?
True
Let p be 6 + -6 + (-46)/2. Let j = -9 - p. Is j a composite number?
True
Is -2 - (-98 + 6/2) a prime number?
False
Suppose -7*y - 696 = -3*y. Let s = 337 + y. Is s a composite number?
False
Suppose -4*p + 33 + 2 = 3*u, -3*p - 3*u + 30 = 0. Suppose p*b + 7 = 3*x - 2, -2*b = 0. Suppose 4*z - 3 = o + 2, -x*z - 4*o = -18. Is z a composite number?
False
Let p(i) = -i**3 + 7*i**2 + 2*i - 10. Let k be p(7). Suppose 0 = -k*g + 517 + 295. Is g prime?
False
Is (9144/60)/((-2)/(-5)) a prime number?
False
Suppose 2*b + 3*d = 7, b - 4 - 3 = -5*d. Is (b + -1)/1*43 a composite number?
False
Let j = 200 - 22. Suppose -2*x + 0*x - j = -4*r, r + 3*x = 27. Let n = r + 1. Is n a composite number?
False
Is (-70)/5*(-73)/2 a composite number?
True
Suppose 326 + 6 = 2*q. Suppose 3*a = a + q. Is a prime?
True
Suppose b = -2*b + 12. Suppose 0*l - 3*a = 5*l - 1898, a - 1517 = -b*l. Let j = l - 210. Is j a composite number?
True
Let y be 1 - (0 - 2) - 4. Let g = 13 - y. Is g prime?
False
Suppose 4*k - 9489 - 13459 = 0. Is k a composite number?
False
Suppose -p - 4*p + 2*s = -2469, 3*s = -6. Is p a composite number?
True
Suppose -q + 633 = 2*q. Is q a prime number?
True
Let h = -8 + 11. Let f be 12*(-3 - (-10)/h). Suppose -3*a = 5*o - 185, 2*o = 5*o - f*a - 111. Is o a composite number?
False
Let i = -169 - -249. Let k = i + -47. Is k composite?
True
Let u(l) = -l - 2. Suppose 0*g = g + 7. Let i be u(g). Suppose -5*p - f + 177 + 55 = 0, 3*p + i*f = 126. Is p a composite number?
False
Let n(k) = k**3 + 7*k**2 + 4*k - 6. Let u be n(-5). Let y be (u/(-30))/(4/70). Let q = y - -49. Is q a composite number?
True
Let g(j) = -j**2 - 6*j + 5. Let d be g(-5). Is (-4)/d + (-834)/(-10) composite?
False
Let r(d) be the third derivative of -1/8*d**4 + 1/3*d**3 + 0 + 0*d - 3*d**2. Is r(-7) a prime number?
True
Is (-2773)/(-15) + (-6)/(-45) a composite number?
True
Suppose 0*r - 18 = -3*r. Suppose -3*q = r, 2*q - 19 = -5*n + 4*q. Suppose n*z = 4*z - 13. Is z a composite number?
False
Suppose 693 = 3*l + 3*r, 0 = 3*l + 2*r - 1077 + 382. Is l composite?
False
Let k(r) = 2*r**3 - 2*r**2 - 5*r - 6. Let b be k(5). Suppose 0 = -4*m - 3*u + 320, -2*m - 4*u + 1 = -b. Is m composite?
True
Let d be 3/(-15) + (-63)/(-15). Suppose 0*a - 6 = -2*a, -d*z + 3*a = -2131. Is z a composite number?
True
Let c = 427 - 46. Is c a prime number?
False
Suppose x = -3*v + 14, -4*v = x + 2 - 13. Is x a prime number?
True
Let a(w) = -3*w - 6. Suppose 0 = 5*s - 2*s + 21. Is a(s) prime?
False
Let y = -9 + 23. Let f be 6/21 - (-38)/y. Suppose f*j = 2*j + 113. Is j a prime number?
True
Let z(n) = 6*n**2 + 2*n - 7. Let r be z(-6). Suppose r = -4*k + 641. Is k a prime number?
False
Suppose -4*d + 4*x = -1556, 3*d - 5*d + 778 = x. Is d composite?
False
Suppose -2*a = -k + 4*k - 2710, 4*k = 5*a - 6821. Is a a composite number?
False
Is ((-3)/3*503)/(-1) a composite number?
False
Suppose -28 = 3*p + p + 4*n, 4*n = -16. Let i(q) be the first derivative of -17*q**2/2 + 2*q - 12. Is i(p) a prime number?
True
Let b(r) = -17*r**3 - 4*r**2 + r - 3. Is b(-5) prime?
True
Let a = -26 - -49. Let t = a - 12. Is t a composite number?
False
Let r(g) = g**3 + g**2 + g - 220. Let v be (0*(-3)/6)/2. Let s be r(v). Is 3/((-3)/s) + -3 a composite number?
True
Let n(v) = v**3 + 9*v**2 - 5*v + 10. Is n(-7) a prime number?
False
Let b(l) = l**3 - 6*l**2 + 12*l. Let h(k) = k - 1. Let p(g) = b(g) - 3*h(g). Is p(8) prime?
False
Let a = 271 + -156. Is a a composite number?
True
Let q = 49 - 12. Is q a composite number?
False
Let f(v) = -23*v**3 - 3*v + 3. Let c be f(2). Is c/(1/(3 - 4)) prime?
False
Let x be ((-6)/10)/((-1)/15). Suppose -67 = -x*t + 8*t. Is t prime?
True
Let d(j) = -j**3 - 8*j**2 - 5*j + 7. Let b(p) be the second derivative of -p**4/12 - p**3/3 - p. Let l be b(2). Is d(l) prime?
True
Suppose -298 + 1350 = 4*a. Is a composite?
False
Suppose w + 6 = -0. Let s be 2/(w/3) - -3. Is ((-74)/(-4))/(1/s) a composite number?
False
Suppose 4*p - 392 = 4*v, 3*p - 7 = 4*v + 387. Let i = -26 - v. Is i a composite number?
True
Suppose -5*r = -b - 2990 + 493, -r + 501 = -b. Is r a prime number?
True
Suppose t - 7*g = -12*g + 112, 5*t = 3*g + 644. Is t prime?
True
Is (-43)/(4 - 21/5) a composite number?
True
Let b(c) = 22*c**2 + 4*c + 19. Is b(-6) prime?
True
Let d(l) = l**3 - l**2 + 167. Is d(0) a prime number?
True
Let f be 49 - ((-3)/(-1))/(-3). Let d = -19 + f. Is d a composite number?
False
Let i = -1 - -6. Suppose i*u + 35 = 5*r, -2*u + 5*u = 4*r - 24. Suppose -2*s = r*s - 70. Is s a composite number?
True
Is 3/(-1)*2/((-18)/3747) prime?
True
Let i(j) = -j + 6. Let r be i(5). Let f(s) = -2*s + 3 + r - 5 + 0. Is f(-2) prime?
True
Let k(c) = -2*c - 6. Let o be k(-4). Is o*((-282)/(-4))/3 a composite number?
False
Let o(v) = v + 3. Let l be o(-3). Suppose -3*k + 5*t - 4*t + 107 = l, 3*k + 5*t - 131 = 0. Is k composite?
False
Is (-1)/(-3) + 472/6 prime?
True
Suppose 4 + 10 = -h. Suppose -4*u = 117 + 15. Let d = h - u. Is d a prime number?
True
Let i(a) = 29*a. Let b(t) = t - 1. Let o(y) = -2*b(y) + i(y). Let r be o(2). Suppose 60 = 5*f - w - 10, -4*f + r = -5*w. Is f a prime number?
False
Suppose 0 = 4*z - 5*y - 9461, -2*z + 3779 = -y - 956. Is z a composite number?
True
Is (163 + 1)*77/44 composite?
True
Suppose 2*x - 40 = 5*a, -4*a = -5*a + 2*x - 8. Is (-2)/4 - 156/a a prime number?
True
Let m(f) = 19*f + 14. Is m(21) a prime number?
False
Let n(g) = 40*g**2 + 11. Is n(-3) prime?
False
Let n = 9 - 5. Let i(z) = z**3 + 3*z + 3. Is i(n) a composite number?
False
Suppose -4*v = -12, 0 = 4*k + 4*v - 0*v - 3188. Let g = k - 349. Is g a prime number?
False
Suppose -b + 2*b = -5*q + 17, 2*b = 2*q - 2. Suppose 6 = q*o - 6. Suppose 6 = o*i - 22. Is i a composite number?
False
Is (10102 + 0/(-4))/2 a prime number?
True
Suppose -2*s = -s + 21. Let l = 22 + -16. Is 849/7 + l/s composite?
True
Let y = -3427 + 6366. Is y prime?
True
Suppose 5 = -3*k + 776. Is k a prime number?
True
Let d(h) = -2*h - 9. Is d(-8) a composite number?
False
Let u = 156 - 73. Is u composite?
False
Let b = 53 + 16. Is b prime?
False
Is (10/4)/(2/668) composite?
True
Suppose 4*c + 6 = 22. Suppose -c*l = -5*l. Suppose -i - 3*i + 308 = l. Is i prime?
False
Let z be 0 + 0 + 337 - 2. Let h be (3/(-3))/(-2)*10. Suppose 10*c - h*c = z. Is c composite?
False
Suppose -16*z = -13*z - 633. Is z a prime number?
True
Suppose 12052 = -18*u + 22*u. Is u prime?
False
Let d = -6584 + 10969. Suppose 3*l - r - 509 - d = 0, -2*l - 3*r = -3259. Is l a prime number?
False
Is 153/6*(-20)/(-6) a prime number?
False
Suppose 0 = -3